 m(r).
-13
Let c(p) = p**3 - 9*p**2 - 28. Let b = 7012 - 7003. Determine c(b).
-28
Let j(w) = w**2 - 9*w + 5. Let p be 4 + (-16)/2 - -18 - 2. Suppose -p*v - 2 = -2. Suppose -3*s + 0*s + 3*i = -18, 3*s - i - 24 = v. What is j(s)?
5
Let y(o) be the third derivative of o**4/24 + 17*o**3/6 - o**2. Let k(d) = 24*d + 228. Let x be k(23). Let c = -792 + x. What is y(c)?
5
Let v be -14 + 19 - (-37 - 0). Let n(x) = 0*x - 20 - 25 + 0*x**2 + 2*x**2 - 4*x + v. What is n(5)?
27
Let t(d) = 1 + 3*d - d**2 + 0*d**2 - 7. Let y = 752 + -748. Suppose 17*m = 16*m + y. Calculate t(m).
-10
Suppose -42 = -4*b - 2*v, -79*b + 36 = -76*b + 3*v. Let l(n) = 9 - 3*n - b*n + 11*n. Calculate l(6).
3
Let s = -85 + 131. Let o = 49 - s. Let h(w) = 1 - 6*w**3 - 4 - w**2 + o*w**3 + 4*w**3. Calculate h(0).
-3
Let b(g) be the second derivative of -6*g**3 + 18*g**2 + 1406*g. Calculate b(1).
0
Let y = -19 + 16. Let d = 101 + -100. Let l(n) = -d - n + 0 + 5. Calculate l(y).
7
Let s(y) = -9*y**3 - 18*y**2 + 30*y - 64. Let r(a) = 4*a**3 + 9*a**2 - 15*a + 30. Let q(v) = -11*r(v) - 5*s(v). Determine q(7).
-3
Suppose 3*w + 4437 = 4428, 3*y - y = -4*w + 2. Let x(v) = 1 + 3*v + 5*v + 0*v**2 - v**2. Give x(y).
8
Let w(b) = -2*b**2 + 17*b - 9. Let t(h) = h**2 - 8*h + 4. Suppose 6 - 1 = j. Let z(s) = j*t(s) + 2*w(s). Let q = 142 + -138. Calculate z(q).
-6
Let n(o) = -31*o - 13*o + 80*o - 55 - 38*o. Give n(-23).
-9
Suppose 14*j + 80 = 30*j. Suppose -j*s - 2*q = 63, 0 = 2*q - 2 - 0. Let d(c) = 2*c + 23. What is d(s)?
-3
Let y be ((-224)/21 - -10)*(-3)/2. Let r = -17 - -20. Let d(n) = 3*n**2 + 5*n + 9. Let v(w) = -2*w**2 - 2*w - 4. Let l(s) = r*d(s) + 7*v(s). Determine l(y).
-5
Let z = -2462 + 2465. Let b(l) = 41 - 3*l**2 + 3*l**2 - 45 - 2*l + 2*l**2. Give b(z).
8
Let p = -42 + 58. Let c(i) = 4*i**2 - p*i**2 + i + i + 1 + 13*i**2. Determine c(-5).
16
Let n(h) = -h**3 + 12*h**2 - 2*h + 18. Suppose -160 = 15*m - 340. Determine n(m).
-6
Let t(c) = -3*c**2 + 5*c - 82. Let h(v) = 5*v**2 - 8*v + 118. Let k(l) = 5*h(l) + 8*t(l). Calculate k(8).
-2
Suppose 4*k - k - 8 = g, 4*g + 12 = 2*k. Suppose -y = -k*n - 0*y + 11, 5*n + y = 38. Let w(o) = o**3 - 6*o**2 - 9*o + 1. Determine w(n).
-13
Let k(w) = w**2 - 19*w - 7. Let a = -7765 + 7780. Give k(a).
-67
Let z(q) = 5 + 16 - 2 - 2*q - 3 - 6. Let c(w) = -w**2 + 3*w - 1. Let y be c(2). Let p be 6 + (-2 + y - -3). Determine z(p).
-6
Let q(z) = -8 - 9 - 14 - 7 - 9*z - z**2 + 42. Let h be (-7 - -2)/(2/(-6)). Suppose p - 3*u = 4, -2*p - 21 - h = 5*u. What is q(p)?
12
Let t = 214 - 228. Let n be ((-26)/(-1))/(t + 16) - 2. Let m(g) = g - 18. Give m(n).
-7
Let a(b) be the third derivative of b**6/120 + 5*b**5/12 + b**4 + 2*b**3/3 - b**2 - 364. What is a(-24)?
4
Let c(r) = -r**3 - 3*r - 3. Let j(d) = 2*d**3 + 5*d + 10. Let b(i) = c(i) + j(i). Determine b(-3).
-26
Let y be (-7 + 8)*(-10 + (8 - 5)). Let g(t) = -t**3 - 7*t**2 + 7*t + 54. What is g(y)?
5
Let m(g) = -14*g + 66. Let r be m(4). Let n(s) = r*s + 10 - 4*s - 7*s - 3. Determine n(8).
-1
Suppose 2*u + 34 = 271*n - 276*n, 3*n + u = -21. Let q(s) = 8*s + 64. Give q(n).
0
Let z(d) = 5*d - 6. Suppose 5*o + h - 51 = 9*o, h - 3 = 0. Let r be ((-6)/4 - -2)/((-2)/o). Calculate z(r).
9
Suppose 440 = 4*h - 116. Let a = h + -134. Let v(r) = r + 11 + 15 - 24. Determine v(a).
7
Let r(z) = 8*z + 11. Let j(q) = -q**3 - 22*q**2 + 79*q + 751. Let f be j(-24). Determine r(f).
67
Let d(l) = -l**3 + 2*l**2 + l + 10. Suppose 8*k - 3*k = 5*r + 10, 5*r = k - 2. Suppose 3*n + 12 = -k*a, -12 = -2*a - 2*n + 5*n. Determine d(a).
10
Let u(z) = -7*z + 5. Suppose 3*x - 13 = -2*t, -4*x = -10 - 2. Suppose 40 = -2*c + 5*j, -t*c - 2*j - 6 - 34 = 0. Let v be ((-16)/c)/(2/10). Give u(v).
-23
Let m(y) = 2*y**2 - 159*y - 32. Let h(k) = -k**2 + 53*k + 9. Let q(g) = 8*h(g) + 3*m(g). What is q(-25)?
51
Let m(v) be the third derivative of v**4/6 - 10*v**3/3 - 3*v**2 + 6*v. Let b be m(6). Let x(l) = -5*l - 1 + 2 + l**2 - 3. Determine x(b).
-6
Let p(l) = -8*l**2. Let x be (3/(-1) + 0)*156/(-117). Let k be 6*(-1)/(6/(-3)). Suppose -o + x*r - 7 = -0*o, -k*r = -3*o - 3. Determine p(o).
-8
Let s be (-20)/3*(-15 - (2 + 73/(-5))). Let q(u) = -2*u**2 + 35*u - 23. Determine q(s).
25
Let c = -10 - -4. Let r(w) be the second derivative of -w**5/20 - 7*w**4/12 - 7*w**3/6 - w**2/2 - 271*w. Calculate r(c).
5
Let f(l) = -13*l**2 - 708838 + 3*l - 2*l + 708836. Give f(1).
-14
Let d(i) = -2*i**2 - 4*i - 2. Let j = 1791 - 1793. What is d(j)?
-2
Let r = 76 - 48. Let y = 31 - r. Suppose 0 = -y*h - 8 + 11. Let m(d) = 4*d**2 - 1. What is m(h)?
3
Suppose 5*y - 81 = 3*i, 2*y + i = 45 - 6. Let d be (y/(-2))/(33/88). Let n = -20 - d. Let u(x) = -3*x + 3. Determine u(n).
-9
Let h(s) be the second derivative of -s**4/6 - 7*s**3/2 + 145*s**2/2 + s + 7. Let v(k) be the first derivative of h(k). Determine v(-4).
-5
Let k(u) = 1028*u + 4 + 995*u - 2010*u + 7. Give k(-4).
-41
Suppose -5*a + a = -24. Let c(d) = -3 + 5*d - 6*d + a*d. Suppose 0 = -113*i + 21*i - 276. Calculate c(i).
-18
Let y(a) = -a + 1191*a**3 + 8 - a + 3 - 13 - 1190*a**3 + 4*a**2. Suppose -2 - 4 = -2*u. Suppose 0 = -u*w - 5*d - 37, -2*w - 2*d + 7 = -5*d. Give y(w).
6
Let b(v) = -v**3 + 10*v**2 + 7*v - 4. Let w(d) = -1 + 76*d**2 - 67*d**2 - d**3 + 6*d - 3. Let u(z) = -5*b(z) + 6*w(z). Let t = 8 - 5. Calculate u(t).
8
Let p(o) = -21*o**2 + 23. Suppose -5*m = -16 - 69. Let t(y) = -7*y**2 + 8. Let i(a) = m*t(a) - 6*p(a). Determine i(-2).
26
Let f(a) = -124*a - 8325. Let g be f(-67). Let r(m) = -2*m**2 - 35*m - 4. What is r(g)?
13
Let d(z) = 0*z + 4*z**3 - 4*z + 8*z**3 - 13*z**3 + 7*z**2 - 5. Suppose 0 = -7*c - 4 + 32. Suppose -u - 3*w = -2*u + 21, c*w + 20 = 0. Calculate d(u).
7
Let v(u) = -183 + 532 + 297*u - 959*u + 339*u + 309*u. Determine v(25).
-1
Suppose 4*r + 5*b = 33, 7*b - 10*b + 19 = 2*r. Let u(i) = 28 - i**r + 8*i**3 + 5*i**3 - 12*i**3. Determine u(0).
28
Let w(i) = 5*i**3 - i**2. Let j = -337 + 341. Suppose -c - j*h = 10 - 1, -5*c + 1 = -3*h. Determine w(c).
-6
Let v = 10743 - 10743. Let l(j) be the first derivative of -j**4/4 + j**3/3 - j**2/2 + 5*j + 2. What is l(v)?
5
Let v(z) = -11*z + 8*z - z - 3 + 6*z - 4 + 3. Suppose -2*f - x + 1 = 0, -13 - 17 = -5*f + 3*x. Calculate v(f).
2
Let f(w) = 3*w - 22. Let t be f(8). Suppose t*g + 5*s = -11, 2*g - 2*s + 7 = -3*s. Let k(a) = a**3 + 3*a**2 + 3*a. Give k(g).
-9
Let k(h) = 9*h - 156. Let o = 4297 - 4279. Determine k(o).
6
Let f(t) = -7*t**3 - t**2 + 27*t + 19. Let w(r) = 19*r**3 - r**2 - 81*r - 56. Let d(i) = 11*f(i) + 4*w(i). Calculate d(-13).
-2
Let h be 70/(-4)*(-40)/25. Let z = h - 37. Let j be (((-66)/4)/11)/(z/12). Let d(l) = 2*l**2 - 2*l - 1. What is d(j)?
3
Let j(p) = 2*p**3 + p**2 - 2*p + 6. Let i(h) = -h**3 + 74*h**2 - 280*h - 3. Let k be i(70). What is j(k)?
-33
Let i(n) = -29*n**3 + 23*n**2 - 20*n + 6. Let x(c) = -138*c**3 + 114*c**2 - 100*c + 28. Let u(r) = -14*i(r) + 3*x(r). What is u(1)?
-8
Let z(o) = -6*o - 11. Let q(f) = 2*f + 6. Let i(l) = 2*q(l) + z(l). What is i(3)?
-5
Let p(d) = -d - 8. Suppose 4*c - 8 = 4*f, -5*c = 2*f - 4 - 6. Suppose -1 = r - f, 4*j = 2*r + 70. Suppose j*x = 13*x. Give p(x).
-8
Let g(i) = 21*i**2 + 15*i - 50. Let t(a) = -2*a**2 + a + 2. Let s(m) = g(m) + 11*t(m). Calculate s(26).
-28
Let s(l) = -l**3 - 2*l**2 - 2*l + 1. Let i(o) = 4*o**2 + 13*o - 20. Let x be i(4). Let k(d) = 100 + x*d + 92*d - 185*d - 27. Let n be k(-25). Determine s(n).
5
Let c(n) be the first derivative of -13*n**6/120 + n**5/60 + n**4/24 - n**3/6 - 125*n**2/2 - 229. Let p(f) be the second derivative of c(f). Determine p(1).
-12
Let v(k) = 28*k**2 + 13*k - 75. Let i(j) = -13*j**2 - 6*j + 37. Let s(p) = -13*i(p) - 6*v(p). Determine s(-5).
-6
Let g(j) = j**2 - 10*j - 28. Let o be (-26)/(-4) - 41/(-82). Suppose o*a - 876 = -66*a. What is g(a)?
-4
Let t(g) = -10*g**2 - 6*g + 3. Let l be (4/(-7))/(5/(-35)). Let m(v) = -29*v**2 - 17*v + 8. Let k(b) = l*m(b) - 11*t(b). Let q = -56 - -55. What is k(q)?
-5
Let a = -6443 + 6437. Let d(b) = -b**2 - b + 40. Calculate d(a).
10
Let d = -476 - -208. Let o be 40/(-380) + d/(-19). Let y(w) = -w + 20. Calculate y(o).
6
Let d(o) = -o - 3. Let b(n) = -10*n - 27. Let t(a) = 3*b(a) - 21*d(a). Calculate t(-3).
9
Suppose -8*d + q - 14 = -6*d, -5*d - 17 = 2*q. Let a be ((-80)/(-32))/((-5)/(-12)). Let b(f) = 4 - f**2 - a - 5*f - 